06720 (base 14) in base 3?
2001120000110
Convert -712953 (base 10) to base 6.
-23140413
Convert -12210002012 (base 3) to base 9.
-183065
-1111001010011001100000 (base 2) to base 13
-a92232
What is 11365063 (base 7) in base 13?
293926
3787958 (base 12) to base 6
1025102152
Convert 1010010110110000101 (base 2) to base 14.
8b941
38ab (base 15) to base 11
9098
What is 119995 (base 14) in base 15?
bd93b
Convert 7099c (base 14) to base 5.
32131224
Convert -16d62d (base 16) to base 6.
-52024445
What is 603388 (base 11) in base 6?
32450130
Convert 10a92 (base 13) to base 12.
156aa
-162405 (base 8) to base 10
-58629
Convert -1011000011110101000010 (base 2) to base 7.
-33433446
What is 11410240401 (base 5) in base 10?
13368226
1102011210211 (base 3) to base 12
302a57
5043414 (base 6) to base 3
110011012201
112202104 (base 5) to base 11
316621
Convert 1134553 (base 6) to base 3.
10000110220
13311111303 (base 4) to base 15
2a8696
Convert 10110011011110100101010 (base 2) to base 14.
ad13aa
What is 787aa (base 13) in base 12?
a6776
221431321 (base 5) to base 8
3542037
661520 (base 7) to base 16
1c48a
Convert 609395 (base 11) to base 3.
1211201121002
Convert 7422e (base 15) to base 5.
43241434
Convert -245547 (base 9) to base 10.
-148435
What is 2220111100 (base 3) in base 5?
3312342
What is -22005 (base 8) in base 13?
-4274
Convert 16815 (base 12) to base 2.
111111000010001
-1000110111100111000 (base 2) to base 6
-10121240
Convert 4263115 (base 8) to base 10.
1140301
What is b26c8a (base 14) in base 5?
3014334314
79d43 (base 16) to base 3
221100111220
166357 (base 13) to base 16
87d84
-415639 (base 10) to base 16
-65797
Convert -2652132 (base 7) to base 4.
-1111023213
Convert 10000100110111100010010 (base 2) to base 12.
155b696
What is 175142 (base 12) in base 6?
12344522
-11221016 (base 7) to base 9
-1753228
7528 (base 11) to base 15
2e37
Convert 1244754 (base 8) to base 14.
90456
What is 210022 (base 9) in base 8?
363407
What is 3245173 (base 8) in base 9?
1566746
Convert -71336745 (base 8) to base 2.
-111001011011110111100101
Convert -111100100000000011011100 (base 2) to base 10.
-15859932
What is -43478 (base 15) in base 7?
-1546565
11001122012022 (base 3) to base 12
8809bb
-342222545 (base 6) to base 13
-13b7289
Convert ac4684 (base 14) to base 3.
102000021202020
Convert -21a22 (base 16) to base 11.
-94559
What is 15151236 (base 7) in base 14?
297256
What is -1cba7 (base 13) in base 5?
-3310141
Convert -435566 (base 9) to base 16.
-3f795
Convert -1729b8 (base 13) to base 16.
-8cf06
Convert -230332312003 (base 4) to base 6.
-1100423231
What is -6200666 (base 7) in base 6?
-23505122
What is -239f6 (base 16) in base 2?
-100011100111110110
What is 1422211 (base 5) in base 9?
44638
Convert 20110320 (base 4) to base 13.
126a5
What is 8131537 (base 9) in base 10?
4331428
What is 10324144 (base 5) in base 2?
10101110011010011
120444123 (base 5) to base 2
10001001010011101101
What is 24465 (base 11) in base 12?
18421
What is 100100010012 (base 3) in base 4?
230313302
Convert 6726 (base 9) to base 6.
34553
949742 (base 13) to base 15
48a2cb
What is 14c34d (base 14) in base 11?
455838
What is -4fe5 (base 16) in base 2?
-100111111100101
What is -1475353 (base 8) in base 16?
-67aeb
9610 (base 14) to base 12
12b92
What is 1029315 (base 11) in base 8?
6725321
What is 1025002 (base 7) in base 12?
5ba34
What is -1000101101011011011100 (base 2) in base 6?
-120534300
Convert 43c80 (base 13) to base 6.
2345143
-91b2b (base 12) to base 16
-2e613
What is -e9b0d0 (base 16) in base 5?
-12410041102
What is -213023022 (base 5) in base 14?
-198c11
What is -3fb05 (base 16) in base 15?
-52464
Convert -704304 (base 10) to base 8.
-2537460
What is -8977b (base 14) in base 3?
-121221111001
-ca319 (base 13) to base 16
-592af
-13112330 (base 5) to base 3
-20120002010
Convert -2660544 (base 7) to base 11.
-21a640
Convert -46540 (base 7) to base 3.
-121101001
What is 1232626 (base 8) in base 4?
1103112112
Convert 5041135 (base 6) to base 15.
4ab0e
What is 10002001222 (base 3) in base 8?
166220
-71380 (base 9) to base 6
-1001243
Convert 2214035 (base 6) to base 4.
123013013
What is -40030114 (base 6) in base 12?
-46233a
Convert 4c281 (base 14) to base 15.
3a682
What is -403025 (base 8) in base 14?
-36497
What is 20121002020 (base 3) in base 7?
1050330
-1396373 (base 10) to base 12
-574105
21112202212221 (base 3) to base 8
17231573
What is -22655322 (base 7) in base 14?
-39db49
Convert 54535351 (base 6) to base 8.
6160123
100112012121122 (base 3) to base 13
1083449
205112413 (base 6) to base 9
6700220
Convert 126052 (base 9) to base 3.
10220001202
-a6089 (base 13) to base 11
-194632
Convert 812582 (base 12) to base 6.
111111442
What is -284568 (base 9) in base 13?
-61253
Convert 667176 (base 11) to base 12.
433675
What is -100011000110001010100 (base 2) in base 13?
-3135c4
-2c135 (base 14) to base 15
-228d8
585c89 (base 15) to base 3
21221110220210
Convert 783aeb (base 16) to base 9.
15738452
Convert 12540435 (base 8) to base 11.
1644167
457a1 (base 11) to base 2
10000001010000001
Convert -64761 (base 12) to base 11.
-90532
Convert 11707 (base 11) to base 5.
1014301
What is -1100110011111000010011 (base 2) in base 8?
-14637023
-416dc5 (base 14) to base 6
-115202213
-210101010002002 (base 3) to base 11
-6459488
What is -1524455 (base 7) in base 11?
-132387
Convert -103022312 (base 4) to base 5.
-10003033
What is 22426315 (base 7) in base 12?
7a4387
Convert -22571d (base 16) to base 8.
-10453435
-480868 (base 10) to base 8
-1653144
463aa3b (base 12) to base 9
27383062
What is -20122012 (base 3) in base 14?
-1a98
Convert 1030301251 (base 6) to base 12.
37b7827
Convert -221123312 (base 4) to base 12.
-82272
-1113210012 (base 4) to base 12
-153686
What is 3112002 (base 4) in base 16?
3582
What is -45205 (base 7) in base 15?
-35b7
-12122112011011 (base 3) to base 5
-1232032014
What is 2320002101 (base 4) in base 9?
1368025
What is -57302 (base 9) in base 8?
-112411
5652512 (base 7) to base 16
ab650
What is 1607554 (base 14) in base 12?
373865a
-12414030 (base 5) to base 7
-1021434
Convert -55cc01 (base 16) to base 12.
-1a71b15
-e2d2 (base 15) to base 11
-32a93
Convert -1206214 (base 7) to base 2.
-100101011101010110
Convert 1395 (base 12) to base 14.
b85
-14263484 (base 10) to base 7
-232144334
Convert -2611544 (base 7) to base 6.
-11134105
What is -14143443 (base 5) in base 14?
-3b6a0
Convert -12993974 (base 10) to base 13.
-28cc556
What is -202212011001 (base 3) in base 7?
-3326620
What is 1221220122112 (base 3) in base 10?
1041485
What is -15765306 (base 8) in base 12?
-128885a
What is 123322555 (base 6) in base 14?
468b8b
What is 2a2923 (base 15) in base 6?
111331440
What is 3341741 (base 8) in base 10?
902113
What is 508c7 (base 14) in base 5?
22200243
What is 757939 (base 12) in base 16?
1c5d7d
What is -544534 (base 7) in base 8?
-272061
-488b30 (base 12) to base 8
-4372124
Convert -323103311 (base 4) to base 12.
-b8705
66306 (base 8) to base 15
83b6
What is 1000302311 (base 4) in base 13?
93a52
Convert -15cc4 (base 13) to base 4.
-22030012
What is -6d4b3 (base 15) in base 2?
-1010101001000010101
Convert 12a71 (base 14) to base 7.
251001
Convert -3020582 (base 10) to base 8.
-13413446
10090 (base 12) to base 8
50554
Convert -4268844 (base 11) to base 6.
-424530332
What is 33271510 (base 8) in base 13?
1641b54
Convert 46301 (base 10) to base 9.
70455
Convert -33221431 (base 5) to base 9.
-480371
-653106 (base 7) to base 13
-3cb1c
What is -14326 (base 10) in base 15?
-43a1
What is 1b3d86 (base 15) in base 8?
5044422
-29614e (base 15) to base 4
-13213002230
Convert 1002021111211 (base 3) to base 2.
10001100101100011011
Convert -2904c4 (base 14) to base 16.
-15b40c
What is 53c9c (base 13) in base 7?
1200563
What is 22010222101 (base 3) in base 5?
20112423
-3465202 (base 11) to base 5
-3022204012
What is -21024201 (base 5) in base 16?
-2a66c
Convert 1111010011111111 (base 2) to base 3.
10012000221
62b11 (base 12) to base 9
216534
What is -22263302 (base 7) in base 3?
-10122010122002
Convert 43132433 (base 5) to base 7.
3046251
Convert -11101000110100000101 (base 2) to base 14.
-1ab749
6203164 (base 8) to base 15
225e1c
What is 12110013 (base 4) in base 8?
62407
122002143 (base 5) to base 3